*2 + 3*o + 5. Suppose -2*b + 11*b = 9. Let v(s) = 2*s**2 + 1. Let h(q) = b*c(q) - 5*v(q). What is h(2)?
-2
Let a = -464 + 474. Let h(o) = a*o**2 + 5*o**2 - 1 + 8*o + 11*o**2 - 19*o**2 - o**3. Calculate h(8).
-1
Let l(w) = -5*w - 6 + 3*w - w. Let y be 330/(-48) - 2/16. Calculate l(y).
15
Let h = -24 + 30. Let f be (6/(-18))/((-1)/h). Suppose 2*z + 2*a + 1 - 7 = 0, -f*z + 5*a + 34 = 0. Let c(o) = o**3 - 9*o**2 + 9*o + 10. What is c(z)?
-25
Let k be ((-1)/(-2))/(((-20)/16)/(-5)). Let z(s) = 0*s - 2*s + 5*s + 4*s**2 - 3*s**2 - 2*s**k. Suppose 2*l - l = -3. What is z(l)?
-18
Let b(v) = -7*v + 4*v**2 - v**3 + 2*v**3 - 3*v**3 + 3*v**3 - 6. Let m be (18/(-30))/(9/75). Determine b(m).
4
Let w(p) = -20*p + 3. Let k = 5 - 7. Let c(f) = -50. Let b(v) = -117. Let j(q) = -3*b(q) + 7*c(q). Let h(m) = k*j(m) + w(m). Give h(1).
-19
Let a(r) = r + 3. Suppose -4*l = 3*t + 10, 4*l + 6 = 4*t - 18. Suppose -2*w + 3*x + 12 = 0, 3*x = -4*w - 2*x + t. Calculate a(w).
6
Let x(m) be the third derivative of -m**5/60 + 5*m**4/8 - 34*m**3/3 + 1538*m**2. Determine x(7).
-12
Let j(r) = -4*r**3 - r**2 + r. Let l(i) = -11*i**3 - 2*i**2 - 11*i - 5. Let a(t) = -3*j(t) + l(t). Calculate a(0).
-5
Let y(p) = 12*p + 21. Let g(w) = 36*w + 67. Let i(t) = 6*g(t) - 19*y(t). Calculate i(2).
-21
Let s(l) be the third derivative of -l**6/120 - 3*l**5/10 + 5*l**4/6 + 22*l**3/3 - 8452*l**2. What is s(-19)?
25
Let l(h) be the third derivative of h**6/120 - h**5/40 - h**4/6 + 7*h**3/3 - 11*h**2 + 3*h. Let a(i) be the first derivative of l(i). Give a(3).
14
Let t = -138 - -136. Let u be ((-903)/28)/(t/8). Let d = u - 123. Let x(p) = p**2 - 3*p - 4. Calculate x(d).
14
Let g(z) = 6*z**3 - z**2 + 2*z - 1. Let l(i) = -3*i + 34. Let v(t) = -t**3 + 1 - t**3 - t - 32*t**2 + 30*t**2. Let n be v(-2). Let q be l(n). Give g(q).
6
Let a(c) = c**3 + 6*c**2 - c + 8. Let l = 43 - 23. Suppose -1 = i + 2*d + 4, 0 = 4*d + l. Suppose -y = k - 2*k - 7, -3*k = i*y + 13. Determine a(k).
14
Let w(c) = 7*c**2 - 6*c + 4*c**2 + 25 - 3*c**3 + 15*c. Let s(z) = -8*z**3 - 13 - 5*z - 7*z**3 + 17*z**3 - 5*z**2. Let m(k) = -5*s(k) - 3*w(k). What is m(-8)?
6
Let u(w) be the third derivative of w**5/30 + 29*w**4/24 + 9*w**3/2 - 240*w**2 - 1. Give u(-13).
-12
Let b be (12/10)/((-54)/(-90)). Let f be 5/10*-5*b. Let h(w) = -w**3 - 5*w**2 + 5*w + 1. Give h(f).
-24
Let x(i) be the second derivative of -i**4/12 + 3*i**3/2 - 3*i**2 + 524*i. Suppose 2*o - 19 = l, -l + 0*l + 26 = 3*o. What is x(o)?
-6
Let h = -3577 - -3571. Let w(k) = k. Give w(h).
-6
Let o(n) = n**3 + 3*n**2 + 2*n + 4. Let y(f) = -3*f**2 - 8*f - 43. Let q be y(-6). Let a = -106 - q. Calculate o(a).
-2
Let g(m) = 2*m**2 + 8*m - 3. Let o be (-32 - -43) + 21/(-1). What is g(o)?
117
Let v be (((-27)/(-5))/(-3))/(102/(-1360)). Let k(j) = -2*j**2 + 50*j - 17. Calculate k(v).
31
Let l(z) = z. Let x(f) be the third derivative of f**5/60 + 5*f**4/24 - 12*f**2. Let o = -7 + 3. Let w be x(o). Give l(w).
-4
Suppose -15*r - 119 = 184 - 198. Let g(z) = -z**3 - 4*z**2 + 28*z + 30. Calculate g(r).
-19
Let v(u) = -2*u**3 - 14*u**2 - 9*u + 21. Let j be (288/216 - (-43)/(-3)) + 2 + 5. Calculate v(j).
3
Let o(s) = 20*s + 4. Let k be (4 - -376)/(-20) - -20. Give o(k).
24
Let k(c) = -3*c - 4. Let z(n) = 3*n + 29. Let r(a) = -a - 1. Let q(d) = 6*r(d) + z(d). Let v be q(7). Suppose 2*p + 4 = -v. Determine k(p).
5
Let k(f) = -f**3 - 15*f**2 + 16*f + 1. Let n be k(-16). Let h(v) = 18*v - 16*v + v + n. Calculate h(-6).
-17
Let u(v) = 36*v - 49. Suppose -2*f = 3*z + 4, 0 = 3*z - 458*f + 454*f - 44. Give u(z).
95
Let n(f) = f + 21. Let x(a) = -6*a - 85. Let w(r) = n(r) - x(r). What is w(-16)?
-6
Let h(o) = -5*o**3 + 6*o**2 + 6*o + 9. Let s(u) = 9*u**3 - 12*u**2 - 12*u - 18. Let j(t) = -7*h(t) - 4*s(t). Calculate j(7).
2
Let t be (-2)/(-2)*(-2 - 0). Let z(v) = v**2 - 27*v + 27. Let r be z(26). Let p(w) = 6*w - 408*w**2 - 3*w + r + 412*w**2. Determine p(t).
11
Let i = 502 - 499. Let a(t) = t + t - t - i*t - 1 + 3*t. Determine a(-6).
-7
Let d(t) = t**2 + t - 2. Let w be d(-4). Let c(r) = -r + 14 - 14*r - w + 3*r. Let x(n) = -n. Let b(g) = c(g) - 3*x(g). Determine b(3).
-23
Suppose 143*g + 4*x + 78 = 140*g, 2*x + 6 = 0. Let m(p) = -p. Let n be m(5). Let s be n/(-2)*g/55. Let b(t) = -22*t - 1. Calculate b(s).
21
Suppose -4 = 5*d + 4*h, 2*h = 4*d + 6 - 8. Let k(s) = -2*s**2 - s + 7. Determine k(d).
7
Let n(b) = b**3 - 8*b**2 + 7*b - 9. Let a be 6*6/(-4)*(-2)/3. Suppose 10*k = a*k - 48. Let o be 3/k - 87/(-12). Determine n(o).
-9
Let k be (1 - 2)*(0 - 4). Let l(z) = -441*z + 222*z - 5*z**2 + 6 + 214*z - 59*z**3 + 61*z**3. What is l(k)?
34
Let i(p) = -33 + 137*p - 272*p + 29 + 129*p. Calculate i(-3).
14
Let t(q) = -5*q + 1. Suppose 3*g + 3*r + 1 = 2*r, -3*g - 5*r = 5. Suppose -a = 1, 3*z + 4*a + 1 = -g*a. Give t(z).
-4
Suppose -3*j - 6 = -3*x, 63 = 5*j + 5*x + 23. Let m(s) be the second derivative of -2*s**3/3 + 2*s**2 + 14*s. Calculate m(j).
-8
Let f(p) = -13*p**3 - 13*p**2 - 4*p + 22. Let g(h) = 11*h**3 + 9*h**2 + 5*h - 20. Let j(i) = -5*f(i) - 6*g(i). Calculate j(10).
10
Let u(v) be the first derivative of v**4/12 + v**3/2 - 12*v**2 + 2*v + 71. Let s(k) be the second derivative of u(k). Calculate s(-9).
-15
Let h be 1/1 - (20 - 52). Suppose 0 = 31*r - 26*r + 2*l - h, -l = -3*r + 22. Let w(x) = -3*x + 10. Give w(r).
-11
Let b = 14840 - 14828. Let w(j) = j**2 - 14*j - 12. Determine w(b).
-36
Let v(q) = -9*q**2 - 3*q - 42. Let p(c) = -2*c**2 + c - 12. Let y(w) = -4*p(w) + v(w). Calculate y(-8).
-2
Suppose 0 = 2*x - 4*a + 14, x + 0*x - 4*a + 17 = 0. Let m(p) = 4*p**2 + 6*p**2 + 9 + 6*p - 4*p**2 - 2*p + p**x. Let g = -253 - -247. Determine m(g).
-15
Let v(d) = 5*d - 5. Let s be v(0). Let t(k) = k**3 + 5*k**2 - 2*k - 3. Let a be t(s). Let m(z) = -a + 6 + 4*z - 3*z. What is m(6)?
5
Let j(l) = -3*l - 17. Let s(r) = 17*r**2 - 143*r + 15. Let x(k) = 9*k**2 - 72*k + 8. Let d(v) = -3*s(v) + 7*x(v). Let m be d(6). Calculate j(m).
4
Let m(t) = -t - 4. Suppose 2*z - 74 = -w, 4*z - 142 = -0*z + w. Suppose 38*f = 44*f + z. Determine m(f).
2
Let t(w) = w**3 + 5*w**2 + 2*w - 1. Suppose 13 = -3*o - 2*b, 0 = -6*o + o + b. Let r be -11 - 43 - (0 - o). Let l be ((12/10)/(-2))/((-11)/r). Give t(l).
11
Suppose -3*n - 9 = h, h = -0*h + 5*n - 1. Let x(w) = -2916*w + 2923*w + 2 - 1 + 5 + 7 + w**2 - 6. What is x(h)?
1
Let q(r) be the second derivative of -r**2 - 1/3*r**3 + 0 - 55*r. Give q(-4).
6
Let u(c) = 12*c**2 + 7*c + 1. Suppose -27 = i + 4*r, -r + 15 - 55 = 5*i. Let p(s) = -7*s**2 - 4*s - 1. Let b(x) = i*p(x) - 4*u(x). Give b(5).
28
Let b(d) = -d**3 - 11*d**2 + 5. Let l be b(-11). Suppose -k + 13 = k + l*g, -22 = -2*k + 4*g. Let m = 0 + k. Let w(f) = -f**2 + 10*f - 3. Determine w(m).
6
Suppose 15*m - 4 - 14 = 13*m. Let g(r) = -5*r**2 + 44*r + 3. What is g(m)?
-6
Let g(u) = -2*u**3 + u**3 - 2*u**2 - 5 - 5*u**2 + 7*u. Let q be (13 - 10)/(42/(-28))*(-4)/(-1). What is g(q)?
3
Let c(x) = -14*x + 70. Let v = -13286 + 13291. Calculate c(v).
0
Let j(z) = 9*z - 1. Let v be (-5 + 4)/(-2*3/24). Let t(q) be the first derivative of 8*q**2 - 2*q + 60. Let h(y) = v*t(y) - 7*j(y). Calculate h(1).
0
Let x = 34896 + -34894. Let w(r) = 2*r**3 + 3*r**2 - 11*r + 4. Give w(x).
10
Let h be (-7 + (-35)/(-2))/((-21)/14). Let l(o) = 2*o**2 + 6*o - 24. What is l(h)?
32
Let c(x) be the first derivative of -x**4/4 - x**3/3 + 3*x**2/2 + 2*x - 106. Suppose -306 = -5*i + 124. Let u = i + -88. Give c(u).
0
Let x be (-87)/(-26) + -1 - 8920/(-57980). Let m(b) be the first derivative of -2*b - x*b**2 - 35. Determine m(-2).
8
Let h(g) = -2*g**2 + 10*g - 8. Let m be h(4). Suppose m = -3*x + 5*x + 5*d + 29, -2*d - 6 = 0. Let q(s) = s**2 + 4*s - 8. What is q(x)?
13
Let x be 8/6*(-18)/(-6). Let p(m) = 6*m**3 - 9*m**2 - 10*m - 1. Let d(q) = -5*q**3 + 10*q**2 + 11*q + 3. Let c(o) = x*p(o) + 5*d(o). Determine c(15).
11
Let r(l) = -l + 1. Let n = -236 - -212. Let x(z) = z**2 + 19*z - 120. Let c be x(n). Calculate r(c).
1
Let k(l) = -l + 5. Let h be k(5). Let t(r) = -31 - 124*r**3 - 2538*r**2 + 59*r**3 + 2537*r**2 + 66*r**3 - r. Determine t(h).
-31
Let w(y) = -3*y + 15. Suppose -4*u + 28 = 0, 24*z - 25*z + 2 = u. Determine w(z).
30
Let t = 4525 - 4525. Let p(x) = x**3 - x**2 - 2*x - 12. Determine p(t).
-12
Let i = -30279 + 30274. Let h(v) be the first derivative of 